{"id":1879,"date":"2018-04-21T20:53:29","date_gmt":"2018-04-21T20:53:29","guid":{"rendered":"https:\/\/forum.agilekmu.ch\/?page_id=1879"},"modified":"2019-08-16T12:46:55","modified_gmt":"2019-08-16T10:46:55","slug":"agilitaet-und-kmu-ein-dreamteam","status":"publish","type":"page","link":"https:\/\/seitenhub.ch\/agile-events\/home\/agilitaet-und-kmu-ein-dreamteam\/","title":{"rendered":"Agilit\u00e4t und KMU &#8211; ein Dreamteam"},"content":{"rendered":"\t\t<div data-elementor-type=\"wp-post\" data-elementor-id=\"1879\" class=\"elementor elementor-1879\" data-elementor-settings=\"{&quot;element_pack_global_tooltip_width&quot;:{&quot;unit&quot;:&quot;px&quot;,&quot;size&quot;:&quot;&quot;,&quot;sizes&quot;:[]},&quot;element_pack_global_tooltip_width_tablet&quot;:{&quot;unit&quot;:&quot;px&quot;,&quot;size&quot;:&quot;&quot;,&quot;sizes&quot;:[]},&quot;element_pack_global_tooltip_width_mobile&quot;:{&quot;unit&quot;:&quot;px&quot;,&quot;size&quot;:&quot;&quot;,&quot;sizes&quot;:[]},&quot;element_pack_global_tooltip_padding&quot;:{&quot;unit&quot;:&quot;px&quot;,&quot;top&quot;:&quot;&quot;,&quot;right&quot;:&quot;&quot;,&quot;bottom&quot;:&quot;&quot;,&quot;left&quot;:&quot;&quot;,&quot;isLinked&quot;:true},&quot;element_pack_global_tooltip_padding_tablet&quot;:{&quot;unit&quot;:&quot;px&quot;,&quot;top&quot;:&quot;&quot;,&quot;right&quot;:&quot;&quot;,&quot;bottom&quot;:&quot;&quot;,&quot;left&quot;:&quot;&quot;,&quot;isLinked&quot;:true},&quot;element_pack_global_tooltip_padding_mobile&quot;:{&quot;unit&quot;:&quot;px&quot;,&quot;top&quot;:&quot;&quot;,&quot;right&quot;:&quot;&quot;,&quot;bottom&quot;:&quot;&quot;,&quot;left&quot;:&quot;&quot;,&quot;isLinked&quot;:true},&quot;element_pack_global_tooltip_border_radius&quot;:{&quot;unit&quot;:&quot;px&quot;,&quot;top&quot;:&quot;&quot;,&quot;right&quot;:&quot;&quot;,&quot;bottom&quot;:&quot;&quot;,&quot;left&quot;:&quot;&quot;,&quot;isLinked&quot;:true},&quot;element_pack_global_tooltip_border_radius_tablet&quot;:{&quot;unit&quot;:&quot;px&quot;,&quot;top&quot;:&quot;&quot;,&quot;right&quot;:&quot;&quot;,&quot;bottom&quot;:&quot;&quot;,&quot;left&quot;:&quot;&quot;,&quot;isLinked&quot;:true},&quot;element_pack_global_tooltip_border_radius_mobile&quot;:{&quot;unit&quot;:&quot;px&quot;,&quot;top&quot;:&quot;&quot;,&quot;right&quot;:&quot;&quot;,&quot;bottom&quot;:&quot;&quot;,&quot;left&quot;:&quot;&quot;,&quot;isLinked&quot;:true}}\" data-elementor-post-type=\"page\">\n\t\t\t\t\t\t<section class=\"elementor-section elementor-top-section elementor-element elementor-element-2df9ef0b elementor-section-stretched elementor-section-full_width elementor-section-height-default elementor-section-height-default\" data-id=\"2df9ef0b\" data-element_type=\"section\" data-e-type=\"section\" data-settings=\"{&quot;stretch_section&quot;:&quot;section-stretched&quot;}\">\n\t\t\t\t\t\t<div class=\"elementor-container elementor-column-gap-default\">\n\t\t\t\t\t<div class=\"elementor-column elementor-col-100 elementor-top-column elementor-element elementor-element-7bd2e862\" data-id=\"7bd2e862\" data-element_type=\"column\" data-e-type=\"column\">\n\t\t\t<div class=\"elementor-widget-wrap elementor-element-populated\">\n\t\t\t\t\t\t<div class=\"elementor-element elementor-element-5ea967f elementor-widget elementor-widget-heading\" data-id=\"5ea967f\" data-element_type=\"widget\" data-e-type=\"widget\" data-widget_type=\"heading.default\">\n\t\t\t\t<div class=\"elementor-widget-container\">\n\t\t\t\t\t<h1 class=\"elementor-heading-title elementor-size-default\">Agilit\u00e4t ist Pflicht, nicht K\u00fcr<\/h1>\t\t\t\t<\/div>\n\t\t\t\t<\/div>\n\t\t\t\t\t<\/div>\n\t\t<\/div>\n\t\t\t\t\t<\/div>\n\t\t<\/section>\n\t\t\t\t<section class=\"elementor-section elementor-top-section elementor-element elementor-element-2833f27 elementor-section-full_width elementor-section-height-default elementor-section-height-default\" data-id=\"2833f27\" data-element_type=\"section\" data-e-type=\"section\">\n\t\t\t\t\t\t<div class=\"elementor-container elementor-column-gap-wider\">\n\t\t\t\t\t<div class=\"elementor-column elementor-col-50 elementor-top-column elementor-element elementor-element-717fd6c\" data-id=\"717fd6c\" data-element_type=\"column\" data-e-type=\"column\">\n\t\t\t<div class=\"elementor-widget-wrap elementor-element-populated\">\n\t\t\t\t\t\t<div class=\"elementor-element elementor-element-430fd6f elementor-widget elementor-widget-heading\" data-id=\"430fd6f\" data-element_type=\"widget\" data-e-type=\"widget\" data-widget_type=\"heading.default\">\n\t\t\t\t<div class=\"elementor-widget-container\">\n\t\t\t\t\t<h2 class=\"elementor-heading-title elementor-size-default\">Ausgangspunkt<\/h2>\t\t\t\t<\/div>\n\t\t\t\t<\/div>\n\t\t\t\t<div class=\"elementor-element elementor-element-8bc48db elementor-widget elementor-widget-text-editor\" data-id=\"8bc48db\" data-element_type=\"widget\" data-e-type=\"widget\" data-widget_type=\"text-editor.default\">\n\t\t\t\t<div class=\"elementor-widget-container\">\n\t\t\t\t\t\t\t\t\t<p>von &#8222;agilem Management&#8220; sind die Grenzen, oft auch das Scheitern klassischer Formen der Organisation von Unternehmen:<\/p><p>Wo M\u00e4rkte und Kundenbed\u00fcrfnisse dynamischer werden,\u00a0Mitarbeiter anspruchsvoller und Umweltentwicklungen wie die Digitalisierung exponenzielle Folgen haben, da werden\u00a0Projekte komplexer, Reaktionszeiten schneller und Planungshorizonte k\u00fcrzer.<\/p><p>Die Steuerung von Organisationen, Prozessen und Projekten &#8222;von oben nach unten&#8220; ist unter diesen Bedingungen immer schwerer zu realisieren. Oft funktioniert sie gar nicht mehr.<\/p>\t\t\t\t\t\t\t\t<\/div>\n\t\t\t\t<\/div>\n\t\t\t\t\t<\/div>\n\t\t<\/div>\n\t\t\t\t<div class=\"elementor-column elementor-col-50 elementor-top-column elementor-element elementor-element-65c3d4c\" data-id=\"65c3d4c\" data-element_type=\"column\" data-e-type=\"column\">\n\t\t\t<div class=\"elementor-widget-wrap elementor-element-populated\">\n\t\t\t\t\t\t<div class=\"elementor-element elementor-element-dc811ed elementor-widget elementor-widget-heading\" data-id=\"dc811ed\" data-element_type=\"widget\" data-e-type=\"widget\" data-widget_type=\"heading.default\">\n\t\t\t\t<div class=\"elementor-widget-container\">\n\t\t\t\t\t<h2 class=\"elementor-heading-title elementor-size-default\">Die agile Alternative<\/h2>\t\t\t\t<\/div>\n\t\t\t\t<\/div>\n\t\t\t\t<div class=\"elementor-element elementor-element-85a5e67 elementor-widget elementor-widget-text-editor\" data-id=\"85a5e67\" data-element_type=\"widget\" data-e-type=\"widget\" data-widget_type=\"text-editor.default\">\n\t\t\t\t<div class=\"elementor-widget-container\">\n\t\t\t\t\t\t\t\t\t<p>setzt auf Selbstorganisation. Gesteuert wird hier von aussen nach innen.<\/p><p>Mit der richtigen Kombination aus Mindset, Methoden und Menschen verwandeln sich die Herausforderungen konventioneller Unternehmen f\u00fcr agile Organisationen in Ressourcen und Chancen.<\/p><p>Das agile KMU Forum ist mehr als nur ein Event, an dem F\u00fchrungskr\u00e4fte und Fachexperten aus KMU lernen, wie sie von Agilit\u00e4t profitieren. Das Forum ist gleichzeitig ein anschauliches Anwendungsbeispiel f\u00fcr &#8222;Agilit\u00e4t in Aktion&#8220;.<\/p>\t\t\t\t\t\t\t\t<\/div>\n\t\t\t\t<\/div>\n\t\t\t\t\t<\/div>\n\t\t<\/div>\n\t\t\t\t\t<\/div>\n\t\t<\/section>\n\t\t\t\t<section class=\"elementor-section elementor-top-section elementor-element elementor-element-372c19f elementor-section-boxed elementor-section-height-default elementor-section-height-default\" data-id=\"372c19f\" data-element_type=\"section\" data-e-type=\"section\" data-settings=\"{&quot;background_background&quot;:&quot;classic&quot;}\">\n\t\t\t\t\t\t<div class=\"elementor-container elementor-column-gap-default\">\n\t\t\t\t\t<div class=\"elementor-column elementor-col-100 elementor-top-column elementor-element elementor-element-1da80ed\" data-id=\"1da80ed\" data-element_type=\"column\" data-e-type=\"column\">\n\t\t\t<div class=\"elementor-widget-wrap elementor-element-populated\">\n\t\t\t\t\t\t<div class=\"elementor-element elementor-element-bfdb292 elementor-widget elementor-widget-heading\" data-id=\"bfdb292\" data-element_type=\"widget\" data-e-type=\"widget\" data-widget_type=\"heading.default\">\n\t\t\t\t<div class=\"elementor-widget-container\">\n\t\t\t\t\t<h1 class=\"elementor-heading-title elementor-size-default\">hier profitieren Unternehmen von Agilit\u00e4t <br><\/h1>\t\t\t\t<\/div>\n\t\t\t\t<\/div>\n\t\t\t\t<section class=\"elementor-section elementor-inner-section elementor-element elementor-element-1c8cb57 elementor-section-boxed elementor-section-height-default elementor-section-height-default\" data-id=\"1c8cb57\" data-element_type=\"section\" data-e-type=\"section\">\n\t\t\t\t\t\t<div class=\"elementor-container elementor-column-gap-wide\">\n\t\t\t\t\t<div class=\"elementor-column elementor-col-25 elementor-inner-column elementor-element elementor-element-170fcd6\" data-id=\"170fcd6\" data-element_type=\"column\" data-e-type=\"column\">\n\t\t\t<div class=\"elementor-widget-wrap elementor-element-populated\">\n\t\t\t\t\t\t<div class=\"elementor-element elementor-element-961a733 elementor-widget elementor-widget-image\" data-id=\"961a733\" data-element_type=\"widget\" data-e-type=\"widget\" data-widget_type=\"image.default\">\n\t\t\t\t<div class=\"elementor-widget-container\">\n\t\t\t\t\t\t\t\t\t\t\t\t\t\t\t<img decoding=\"async\" width=\"150\" height=\"150\" data-src=\"https:\/\/seitenhub.ch\/agile-events\/wp-content\/uploads\/sites\/14\/2019\/06\/personal-voll-300x300-150x150.png\" class=\"attachment-thumbnail size-thumbnail wp-image-4813 lazyload\" alt=\"\" data-srcset=\"https:\/\/seitenhub.ch\/agile-events\/wp-content\/uploads\/sites\/14\/2019\/06\/personal-voll-300x300-150x150.png 150w, https:\/\/seitenhub.ch\/agile-events\/wp-content\/uploads\/sites\/14\/2019\/06\/personal-voll-300x300-200x200.png 200w, https:\/\/seitenhub.ch\/agile-events\/wp-content\/uploads\/sites\/14\/2019\/06\/personal-voll-300x300.png 300w\" data-sizes=\"(max-width: 150px) 100vw, 150px\" src=\"data:image\/svg+xml;base64,PHN2ZyB3aWR0aD0iMSIgaGVpZ2h0PSIxIiB4bWxucz0iaHR0cDovL3d3dy53My5vcmcvMjAwMC9zdmciPjwvc3ZnPg==\" style=\"--smush-placeholder-width: 150px; --smush-placeholder-aspect-ratio: 150\/150;\" \/>\t\t\t\t\t\t\t\t\t\t\t\t\t\t\t<\/div>\n\t\t\t\t<\/div>\n\t\t\t\t<div class=\"elementor-element elementor-element-6f3e81d elementor-widget elementor-widget-text-editor\" data-id=\"6f3e81d\" data-element_type=\"widget\" data-e-type=\"widget\" data-widget_type=\"text-editor.default\">\n\t\t\t\t<div class=\"elementor-widget-container\">\n\t\t\t\t\t\t\t\t\t<p>People: Rekrutierung, Qualifikation und Talent Management<\/p>\t\t\t\t\t\t\t\t<\/div>\n\t\t\t\t<\/div>\n\t\t\t\t\t<\/div>\n\t\t<\/div>\n\t\t\t\t<div class=\"elementor-column elementor-col-25 elementor-inner-column elementor-element elementor-element-eb4fb42\" data-id=\"eb4fb42\" data-element_type=\"column\" data-e-type=\"column\">\n\t\t\t<div class=\"elementor-widget-wrap elementor-element-populated\">\n\t\t\t\t\t\t<div class=\"elementor-element elementor-element-d310baa elementor-widget elementor-widget-image\" data-id=\"d310baa\" data-element_type=\"widget\" data-e-type=\"widget\" data-widget_type=\"image.default\">\n\t\t\t\t<div class=\"elementor-widget-container\">\n\t\t\t\t\t\t\t\t\t\t\t\t\t\t\t<img decoding=\"async\" width=\"150\" height=\"150\" data-src=\"https:\/\/seitenhub.ch\/agile-events\/wp-content\/uploads\/sites\/14\/2019\/06\/werte-300x300-150x150.png\" class=\"attachment-thumbnail size-thumbnail wp-image-4814 lazyload\" alt=\"\" data-srcset=\"https:\/\/seitenhub.ch\/agile-events\/wp-content\/uploads\/sites\/14\/2019\/06\/werte-300x300-150x150.png 150w, https:\/\/seitenhub.ch\/agile-events\/wp-content\/uploads\/sites\/14\/2019\/06\/werte-300x300-200x200.png 200w, https:\/\/seitenhub.ch\/agile-events\/wp-content\/uploads\/sites\/14\/2019\/06\/werte-300x300.png 300w\" data-sizes=\"(max-width: 150px) 100vw, 150px\" src=\"data:image\/svg+xml;base64,PHN2ZyB3aWR0aD0iMSIgaGVpZ2h0PSIxIiB4bWxucz0iaHR0cDovL3d3dy53My5vcmcvMjAwMC9zdmciPjwvc3ZnPg==\" style=\"--smush-placeholder-width: 150px; --smush-placeholder-aspect-ratio: 150\/150;\" \/>\t\t\t\t\t\t\t\t\t\t\t\t\t\t\t<\/div>\n\t\t\t\t<\/div>\n\t\t\t\t<div class=\"elementor-element elementor-element-7e06d68 elementor-widget elementor-widget-text-editor\" data-id=\"7e06d68\" data-element_type=\"widget\" data-e-type=\"widget\" data-widget_type=\"text-editor.default\">\n\t\t\t\t<div class=\"elementor-widget-container\">\n\t\t\t\t\t\t\t\t\t<p>Leadership: F\u00fchrung, Arbeiten 4.0 und Kultur der Selbstorganisation<\/p>\t\t\t\t\t\t\t\t<\/div>\n\t\t\t\t<\/div>\n\t\t\t\t\t<\/div>\n\t\t<\/div>\n\t\t\t\t<div class=\"elementor-column elementor-col-25 elementor-inner-column elementor-element elementor-element-e7d4c49\" data-id=\"e7d4c49\" data-element_type=\"column\" data-e-type=\"column\">\n\t\t\t<div class=\"elementor-widget-wrap elementor-element-populated\">\n\t\t\t\t\t\t<div class=\"elementor-element elementor-element-96b90e1 elementor-widget elementor-widget-image\" data-id=\"96b90e1\" data-element_type=\"widget\" data-e-type=\"widget\" data-widget_type=\"image.default\">\n\t\t\t\t<div class=\"elementor-widget-container\">\n\t\t\t\t\t\t\t\t\t\t\t\t\t\t\t<img decoding=\"async\" width=\"150\" height=\"150\" data-src=\"https:\/\/seitenhub.ch\/agile-events\/wp-content\/uploads\/sites\/14\/2019\/06\/strategie-300x300-150x150.png\" class=\"attachment-thumbnail size-thumbnail wp-image-4816 lazyload\" alt=\"\" data-srcset=\"https:\/\/seitenhub.ch\/agile-events\/wp-content\/uploads\/sites\/14\/2019\/06\/strategie-300x300-150x150.png 150w, https:\/\/seitenhub.ch\/agile-events\/wp-content\/uploads\/sites\/14\/2019\/06\/strategie-300x300-200x200.png 200w, https:\/\/seitenhub.ch\/agile-events\/wp-content\/uploads\/sites\/14\/2019\/06\/strategie-300x300.png 278w\" data-sizes=\"(max-width: 150px) 100vw, 150px\" src=\"data:image\/svg+xml;base64,PHN2ZyB3aWR0aD0iMSIgaGVpZ2h0PSIxIiB4bWxucz0iaHR0cDovL3d3dy53My5vcmcvMjAwMC9zdmciPjwvc3ZnPg==\" style=\"--smush-placeholder-width: 150px; --smush-placeholder-aspect-ratio: 150\/150;\" \/>\t\t\t\t\t\t\t\t\t\t\t\t\t\t\t<\/div>\n\t\t\t\t<\/div>\n\t\t\t\t<div class=\"elementor-element elementor-element-e6293b2 elementor-widget elementor-widget-text-editor\" data-id=\"e6293b2\" data-element_type=\"widget\" data-e-type=\"widget\" data-widget_type=\"text-editor.default\">\n\t\t\t\t<div class=\"elementor-widget-container\">\n\t\t\t\t\t\t\t\t\t<p>Design: Strategien und Gesch\u00e4ftsmodelle in der Digitalisierung<\/p>\t\t\t\t\t\t\t\t<\/div>\n\t\t\t\t<\/div>\n\t\t\t\t\t<\/div>\n\t\t<\/div>\n\t\t\t\t<div class=\"elementor-column elementor-col-25 elementor-inner-column elementor-element elementor-element-a83163b\" data-id=\"a83163b\" data-element_type=\"column\" data-e-type=\"column\">\n\t\t\t<div class=\"elementor-widget-wrap elementor-element-populated\">\n\t\t\t\t\t\t<div class=\"elementor-element elementor-element-75e71a7 elementor-widget elementor-widget-image\" data-id=\"75e71a7\" data-element_type=\"widget\" data-e-type=\"widget\" data-widget_type=\"image.default\">\n\t\t\t\t<div class=\"elementor-widget-container\">\n\t\t\t\t\t\t\t\t\t\t\t\t\t\t\t<img decoding=\"async\" width=\"150\" height=\"150\" data-src=\"https:\/\/seitenhub.ch\/agile-events\/wp-content\/uploads\/sites\/14\/2019\/06\/nachfolge-300x300-150x150.png\" class=\"attachment-thumbnail size-thumbnail wp-image-4817 lazyload\" alt=\"Nachfolge\" data-srcset=\"https:\/\/seitenhub.ch\/agile-events\/wp-content\/uploads\/sites\/14\/2019\/06\/nachfolge-300x300-150x150.png 150w, https:\/\/seitenhub.ch\/agile-events\/wp-content\/uploads\/sites\/14\/2019\/06\/nachfolge-300x300-200x200.png 200w, https:\/\/seitenhub.ch\/agile-events\/wp-content\/uploads\/sites\/14\/2019\/06\/nachfolge-300x300.png 300w\" data-sizes=\"(max-width: 150px) 100vw, 150px\" src=\"data:image\/svg+xml;base64,PHN2ZyB3aWR0aD0iMSIgaGVpZ2h0PSIxIiB4bWxucz0iaHR0cDovL3d3dy53My5vcmcvMjAwMC9zdmciPjwvc3ZnPg==\" style=\"--smush-placeholder-width: 150px; --smush-placeholder-aspect-ratio: 150\/150;\" \/>\t\t\t\t\t\t\t\t\t\t\t\t\t\t\t<\/div>\n\t\t\t\t<\/div>\n\t\t\t\t<div class=\"elementor-element elementor-element-644c737 elementor-widget elementor-widget-text-editor\" data-id=\"644c737\" data-element_type=\"widget\" data-e-type=\"widget\" data-widget_type=\"text-editor.default\">\n\t\t\t\t<div class=\"elementor-widget-container\">\n\t\t\t\t\t\t\t\t\t<p>Nachfolge: Generationenwechsel, \u00dcbergabe, Finanzen<\/p>\t\t\t\t\t\t\t\t<\/div>\n\t\t\t\t<\/div>\n\t\t\t\t\t<\/div>\n\t\t<\/div>\n\t\t\t\t\t<\/div>\n\t\t<\/section>\n\t\t\t\t\t<\/div>\n\t\t<\/div>\n\t\t\t\t\t<\/div>\n\t\t<\/section>\n\t\t\t\t<section class=\"elementor-section elementor-top-section elementor-element elementor-element-6e86688 elementor-section-stretched elementor-section-boxed elementor-section-height-default elementor-section-height-default\" data-id=\"6e86688\" data-element_type=\"section\" data-e-type=\"section\" data-settings=\"{&quot;stretch_section&quot;:&quot;section-stretched&quot;,&quot;background_background&quot;:&quot;classic&quot;}\">\n\t\t\t\t\t\t<div class=\"elementor-container elementor-column-gap-default\">\n\t\t\t\t\t<div class=\"elementor-column elementor-col-100 elementor-top-column elementor-element elementor-element-af63302\" data-id=\"af63302\" data-element_type=\"column\" data-e-type=\"column\">\n\t\t\t<div class=\"elementor-widget-wrap elementor-element-populated\">\n\t\t\t\t\t\t<div class=\"elementor-element elementor-element-cdee6f8 elementor-widget elementor-widget-heading\" data-id=\"cdee6f8\" data-element_type=\"widget\" data-e-type=\"widget\" data-widget_type=\"heading.default\">\n\t\t\t\t<div class=\"elementor-widget-container\">\n\t\t\t\t\t<h1 class=\"elementor-heading-title elementor-size-default\">KMU haben eine \"agile DNA\"<\/h1>\t\t\t\t<\/div>\n\t\t\t\t<\/div>\n\t\t\t\t<div class=\"elementor-element elementor-element-26d3e701 elementor-widget elementor-widget-text-editor\" data-id=\"26d3e701\" data-element_type=\"widget\" data-e-type=\"widget\" data-widget_type=\"text-editor.default\">\n\t\t\t\t<div class=\"elementor-widget-container\">\n\t\t\t\t\t\t\t\t\t<p>Selten zeigen KMU eine einseitige Konzentration auf den Shareholder Value.<\/p><p>\u00d6fter sind gute Beziehungen zu Kunden, Mitarbeitenden und Lieferanten wichtige Werte einer Kultur, die auf\u00a0Zusammenarbeit und gemeinsame Wertsch\u00f6pfung setzt &#8211; die zentrale Bausteine eines agilen Mindsets.<\/p><p>Je gr\u00f6sser Unternehmen sind, um so starrer sind die Strukturen und Prozesse. KMU bringen von Haus aus eine h\u00f6here Flexibilit\u00e4t und Reaktionsgeschwindigkeit mit &#8211; wichtige Voraussetzung f\u00fcr die Einf\u00fchrung agiler Methoden.<\/p><p>Der Anonymit\u00e4t und Un\u00fcbersichtlichkeit von Konzernen stehen in KMU gewachsene Beziehungen und pers\u00f6nliche Kontakte gegen\u00fcber. Engagement, Identifikation und erlebter Sinn in der Arbeit &#8211; entscheidende Ressourcen, damit Menschen Agilit\u00e4t leben k\u00f6nnen.<\/p>\t\t\t\t\t\t\t\t<\/div>\n\t\t\t\t<\/div>\n\t\t\t\t\t<\/div>\n\t\t<\/div>\n\t\t\t\t\t<\/div>\n\t\t<\/section>\n\t\t\t\t<\/div>\n\t\t","protected":false},"excerpt":{"rendered":"<p>Agilit\u00e4t ist Pflicht, nicht K\u00fcr Ausgangspunkt von &#8222;agilem Management&#8220; sind die Grenzen, oft auch das Scheitern klassischer Formen der Organisation von Unternehmen: Wo M\u00e4rkte und Kundenbed\u00fcrfnisse dynamischer werden,\u00a0Mitarbeiter anspruchsvoller und Umweltentwicklungen wie die Digitalisierung exponenzielle Folgen haben, da werden\u00a0Projekte komplexer, Reaktionszeiten schneller und Planungshorizonte k\u00fcrzer. Die Steuerung von Organisationen, Prozessen und Projekten &#8222;von oben nach [&hellip;]<\/p>\n","protected":false},"author":15,"featured_media":0,"parent":1070,"menu_order":0,"comment_status":"closed","ping_status":"closed","template":"","meta":{"footnotes":""},"class_list":["post-1879","page","type-page","status-publish","hentry"],"_links":{"self":[{"href":"https:\/\/seitenhub.ch\/agile-events\/wp-json\/wp\/v2\/pages\/1879","targetHints":{"allow":["GET"]}}],"collection":[{"href":"https:\/\/seitenhub.ch\/agile-events\/wp-json\/wp\/v2\/pages"}],"about":[{"href":"https:\/\/seitenhub.ch\/agile-events\/wp-json\/wp\/v2\/types\/page"}],"author":[{"embeddable":true,"href":"https:\/\/seitenhub.ch\/agile-events\/wp-json\/wp\/v2\/users\/15"}],"replies":[{"embeddable":true,"href":"https:\/\/seitenhub.ch\/agile-events\/wp-json\/wp\/v2\/comments?post=1879"}],"version-history":[{"count":24,"href":"https:\/\/seitenhub.ch\/agile-events\/wp-json\/wp\/v2\/pages\/1879\/revisions"}],"predecessor-version":[{"id":5991,"href":"https:\/\/seitenhub.ch\/agile-events\/wp-json\/wp\/v2\/pages\/1879\/revisions\/5991"}],"up":[{"embeddable":true,"href":"https:\/\/seitenhub.ch\/agile-events\/wp-json\/wp\/v2\/pages\/1070"}],"wp:attachment":[{"href":"https:\/\/seitenhub.ch\/agile-events\/wp-json\/wp\/v2\/media?parent=1879"}],"curies":[{"name":"wp","href":"https:\/\/api.w.org\/{rel}","templated":true}]}}